- 2*o - 12. Determine m(5).
28
Let k(s) = s**2 - 8*s + 2. Calculate k(6).
-10
Let w(j) = 4*j - 16. Determine w(-7).
-44
Let y(n) = n**3 + 16*n**2 + n + 19. Calculate y(-16).
3
Let q(l) = -l**2 + 16*l + 18. What is q(21)?
-87
Let q(x) = x**2 - x + 1. Determine q(-6).
43
Let b(y) = -2*y + 10. Determine b(5).
0
Let z(o) = -o**3 - 10*o**2 + 18*o + 4. Determine z(-12).
76
Let m(f) = -f**3 + 15*f - 11. Calculate m(-5).
39
Let d(l) = -27*l + 27. What is d(1)?
0
Let t(d) = d + 1. Give t(-3).
-2
Let r(k) = k**2 - 7*k + 9. Calculate r(6).
3
Let k(r) = -5*r - 31. What is k(-7)?
4
Let y(n) = -n**3 + 4*n**2 - 2*n + 3. Calculate y(3).
6
Let y(f) = 119*f + 8. Determine y(0).
8
Let p(l) = l**3 + 7*l**2 - 2*l - 35. Calculate p(-3).
7
Let m(f) = 3*f**3 - 17*f**2 + 2*f + 1. Calculate m(5).
-39
Let u(p) = -p**3 - 28*p**2 - 23*p + 99. Determine u(-27).
-9
Let i(x) = -36*x - 282. Calculate i(-8).
6
Let a(h) = 4*h - 41. Calculate a(0).
-41
Let p(o) = 10*o - 16. Give p(-4).
-56
Let h(o) = -6*o - 39. Determine h(-5).
-9
Let j(z) = 6*z - 19. Determine j(-8).
-67
Let u(o) = 2*o - 10. Determine u(10).
10
Let q(a) = -27*a**2 + 2. What is q(-2)?
-106
Let u(r) = -r**3 + r**2 + 2*r + 31. Calculate u(0).
31
Let i(d) = -6*d**2 - 5*d - 2. What is i(-2)?
-16
Let z(l) = 5*l + 6. Determine z(0).
6
Let o(f) = 3*f**2 - 22*f + 13. Calculate o(7).
6
Let x(w) = w**2 - 7*w - 5. Calculate x(7).
-5
Let n(u) = u**2 + 5*u - 12. What is n(2)?
2
Let d(o) = 101*o - 204. Calculate d(2).
-2
Let z(h) = -h**3 - 4*h**2 + 10*h - 19. Give z(-6).
-7
Let j(b) = b**3 - 13*b**2 - b - 7. Determine j(13).
-20
Let i(m) = -40*m - 1. What is i(1)?
-41
Let k(d) = -5*d**3 - 23*d**2 + 6*d - 16. Give k(-5).
4
Let n(l) = l**3 - 8*l**2 - 14*l + 114. Calculate n(8).
2
Let j(c) = -c**3 - 9*c**2 + 20*c - 27. Give j(-11).
-5
Let y(t) = 2*t - 12. Give y(11).
10
Let m(n) = 142*n + 292. Give m(-2).
8
Let f(k) = -k**3 + k**2 + 8*k + 1. Give f(-3).
13
Let q(y) = 3*y - 3. What is q(2)?
3
Let f(n) = n + 2. Give f(3).
5
Let f(h) = -h**3 - 3*h**2 - h + 4. Calculate f(0).
4
Let l(m) = -5*m - 31. Give l(-8).
9
Let w(j) = -2*j**2 - 36*j - 137. Calculate w(-13).
-7
Let u(s) = s**2 + 2*s - 4. Give u(-6).
20
Let c(n) = 3*n + 3. What is c(4)?
15
Let z(u) = u**2 - 13*u - 10. Determine z(12).
-22
Let f(g) = -7*g**3 + g**2 - 2*g. Calculate f(1).
-8
Let w(i) = 7*i - 128. What is w(25)?
47
Let w(k) = k**3 - 2*k**2 - 4*k - 5. What is w(4)?
11
Let b(s) = -s**3 + 5*s + 6. What is b(3)?
-6
Let d(t) = -2*t**3 - 3*t**2 + 3*t + 2. What is d(-3)?
20
Let w(l) = l + 16. What is w(-7)?
9
Let r(k) = 11*k**3 - 6*k**2 + 7*k - 2. Determine r(1).
10
Let g(o) = 11*o + 254. Give g(-23).
1
Let v(w) = w**2 + 17*w + 45. Give v(-13).
-7
Let w(r) = -r**2 + 19*r - 37. Give w(16).
11
Let k(x) = -2*x + 14. Determine k(8).
-2
Let i(f) = f**3 + 5*f**2 - 11*f - 25. What is i(-6)?
5
Let o(q) = -q**2 - 5*q + 19. Determine o(9).
-107
Let w(m) = 5*m**2 - 10*m + 15. Calculate w(2).
15
Let i(u) = 2*u + 18. Calculate i(-7).
4
Let n(x) = -x + 27. Determine n(0).
27
Let m(j) = -5*j**2 - 4*j + 1. Determine m(-3).
-32
Let u(x) = x**3 - 22*x**2 + 18*x + 35. What is u(21)?
-28
Let x(s) = -2*s**2 - 17*s - 13. Give x(-13).
-130
Let o(z) = -z**3 - z**2 + 29*z - 9. Calculate o(-6).
-3
Let q(p) = p**3 + 10. What is q(0)?
10
Let q(d) = d**2 + 6*d + 2. What is q(-4)?
-6
Let f(p) = -p**2 + 7*p + 29. Calculate f(14).
-69
Let r(h) = 4*h - 16. Calculate r(4).
0
Let k(x) = -77*x + 542. What is k(7)?
3
Let u(c) = -2*c**2 + 2*c + 2. Calculate u(-3).
-22
Let f(x) = -2*x - 20. What is f(-10)?
0
Let x(i) = i + 13. Give x(-6).
7
Let g(k) = -4*k**2 + 1. Calculate g(1).
-3
Let d(o) = 5*o - 15. Give d(10).
35
Let a(r) = -r + 6. What is a(5)?
1
Let u(w) = -8*w**2 + 3*w - 9. Determine u(3).
-72
Let l(o) = 6*o + 18. What is l(-4)?
-6
Let s(t) = 77*t + 325. Calculate s(-4).
17
Let u(y) = 5*y - 94. Calculate u(17).
-9
Let m(a) = -a**2 - 12*a - 24. What is m(-10)?
-4
Let m(h) = 3*h**3 - 5*h**2 + 4*h - 1. Give m(1).
1
Let d(i) = 4*i**2 - 2*i. Calculate d(-4).
72
Let w(l) = -l**2 + 7*l - 14. Give w(5).
-4
Let c(z) = 5*z**2 + 13*z + 1. Calculate c(-3).
7
Let f(w) = w - 23. Calculate f(-4).
-27
Let m(r) = -4*r + 37. Give m(10).
-3
Let l(d) = 2*d**2 + 37*d - 40. What is l(-20)?
20
Let w(d) = -d - 39. What is w(0)?
-39
Let h(n) = n**3 + n**2 - n + 2. Determine h(0).
2
Let a(d) = d**3 + 13*d**2 + 32*d + 19. Determine a(-10).
-1
Let x(f) = 13*f**2 - 380*f + 86. Give x(29).
-1
Let v(s) = 17*s + 285. Determine v(-17).
-4
Let w(q) = -q**3 - 7*q**2 + 3*q + 7. What is w(-5)?
-58
Let n(a) = -a**3 - 20*a**2 + 2*a + 47. Give n(-20).
7
Let a(n) = 5*n**2 + 2*n - 1. Calculate a(1).
6
Let a(g) = 2*g**2 - 14*g + 12. Calculate a(5).
-8
Let m(l) = l**3 - 7*l**2 + l - 2. Determine m(7).
5
Let t(n) = n**2 + 2*n - 164. Determine t(0).
-164
Let v(u) = -u**3 - 23*u**2 - 40*u + 43. Give v(-21).
1
Let n(l) = -l**3 + 3*l - 8. Give n(0).
-8
Let g(s) = s**3 + 9*s**2 + 12*s - 6. Determine g(-7).
8
Let r(w) = -31*w**2 + 149*w + 6. Determine r(5).
-24
Let i(t) = -25*t**3 + t - 2. Determine i(1).
-26
Let j(s) = s**3 - 9*s**2 + 15*s - 10. Give j(7).
-3
Let f(a) = 20*a - 11. Determine f(4).
69
Let s(l) = l**3 - 2*l**2 - l - 2. Determine s(3).
4
Let b(w) = -w**3 + w**2 + w - 7. Calculate b(0).
-7
Let s(o) = o**2 + 3*o - 7. What is s(-6)?
11
Let o(g) = -3*g**2 + g - 1. What is o(3)?
-25
Let p(j) = -j + 14. Calculate p(-6).
20
Let h(b) = -16*b**2 + 1. Give h(-1).
-15
Let p(z) = -z**3 + 6*z**2 + 5*z + 5. Give p(6).
35
Let t(s) = s**3 - s + 18. What is t(0)?
18
Let p(b) = 4*b - 7. Calculate p(-6).
-31
Let i(q) = -q**2 + 12*q - 33. Calculate i(10).
-13
Let g(d) = -d - 39. Calculate g(-26).
-13
Let p(z) = z**3 + z**2 + z - 1. Calculate p(0).
-1
Let n(u) = -4*u + 14. Calculate n(5).
-6
Let g(r) = -r**3 + 24*r**2 - 22*r - 18. Give g(23).
5
Let d(k) = -k**3 - 11*k**2 - 2*k - 14. Give d(-11).
8
Let x(p) = p**3 - 51*p**2 + 99*p - 61. Calculate x(49).
-12
Let c(q) = 2*q - 23. Calculate c(12).
1
Let z(n) = n + 23. What is z(-29)?
-6
Let c(h) = h - 7. Determine c(-6).
-13
Let q(s) = -s**3 - 8*s**2 + 8*s - 11. What is q(-9)?
-2
Let j(q) = -q**3 + 9*q**2 - q + 8. Calculate j(9).
-1
Let m(f) = f**3 - 23*f**2 - 18. Determine m(23).
-18
Let r(q) = -q**2 + 5*q + 42. Give r(10).
-8
Let a(s) = 2*s**2 - 3*s - 3. Calculate a(5).
32
Let a(u) = 4*u - 1. Determine a(2).
7
Let y(m) = 38*m + 71. Calculate y(-2).
-5
Let r(n) = -n**2 - 11*n + 6. Determine r(-13).
-20
Let c(d) = 13*d + 3. Give c(-1).
-10
Let y(x) = x**2 - 5*x - 1. Give y(4).
-5
Let w(d) = -d**3 - d**2 - 5*d + 3. Determine w(2).
-19
Let d(c) = 23*c**2 + 1. What is d(1)?
24
Let i(a) = -2*a - 10. Calculate i(15).
-40
Let d(u) = -u**2 - 12*u - 13. Determine d(-13).
-26
Let d(v) = -v**3 - 12*v**2 + 2*v + 8. Calculate d(-12).
-16
Let a(w) = 7*w**2 + 3*w. Give a(-2).
22
Let d(l) = 7*l - 9. Determine d(0).
-9
Let v(u) = 2*u**3 + 29*u**2 + 13*u - 4. Determine v(-14).
10
Let t(d) = 5*d + 40. Calculate t(-8).
0
Let z(g) = -g**3 + g**2 - 2*g + 10. Give z(0).
10
Let l(a) = -a**3 - 12*a**2 - 14. What is l(-12)?
-14
Let l(s) = -s**3 - 3*s**2 - 12. Determine l(-4).
4
Let w(d) = -d - 1. What is w(-1)?
0
Let o(l) = -l**2 + 12*l - 5. Determine o(11).
6
Let r(a) = -a**2 - 9*a + 2. What is r(-7)?
16
Let l(v) = v**2 + 6*v - 17. Calculate l(8).
95
Let v(g) = g**3 - g**2 - 2*g - 107. Calculate v(0).
-107
Let n(b) = 4*b**2 + 9*b + 8. What is n(-1)?
3
Let j(n) = n**2 + 27*n + 47. What is j(-27)?
47
Let q(z) = -z**2 - 13*z + 19. Determine q(-14).
5
Let m(n) = -n**3 + 9*n**2 - 2*n + 31. Calculate m(9).
13
Let k(o) = -o**2 + 10*o - 23. Give k(8).
-7
Let w(u) = 2*u**2 - 67*u - 116. Calculate w(35).
-11
Let x(i) = -i**3 + 8*i**2 + 8*i + 10. Calculate x(7).
115
Let r(c) = -c**3 - 3*c**2 - 42*c - 185. Give r(-4).
-1
Let a(d) = -5*d + 63. Give a(10).
13
Let q(v) = -56*v - 56. Calculate q(-1).
0
Let j(b) = -2*b - 137. Determine j(0).
-137
Let i(y) = 11*y + 592. What is i(-54)?
-2
Let o(k) = -k + 7. Give o(10).
-3
Let f(k) = k**3 + 13*k**2 + 29*k - 9. What is f(-10)?
1
Let p(w) = -w**3 + 5*w**2 + 36*w - 1. Calculate p(9).
-1
Let x(r) = 5*r**2 + 22*r + 10. What is x(-4)?
2
Let g(j) = -2*j**2 + 36*j + 2. Determine g(18).
2
Let w(u) = u**3 + u**2 + 2*u + 12. What is w(0)?
12
Let i(t) = 34*t - 1. Determine i(-1).
-35
Let a(u) = -24*u + 285. Give